4*j + 660 = 36*j, 2*n - 293 = 5*j. Calculate the remainder when 441 is divided by n.
39
Suppose -2*c - 2*u = -52, -87*c + 56 = -85*c + 3*u. What is the remainder when 1280 is divided by c?
4
Let x = -1394 + 2046. Suppose 542 = -2*l + x. Calculate the remainder when l is divided by 10.
5
Let r be 4/2*(-1990)/(-20). Suppose r = 10*c - 41. Suppose -2*o - z + c + 3 = 0, 0 = -o + 3*z + 10. Calculate the remainder when 75 is divided by o.
10
Let z(l) = 6*l**2 - 4*l. Suppose 13 + 63 = 19*p. What is the remainder when 159 is divided by z(p)?
79
Calculate the remainder when -3 + 269 + 1 - (-188 - -187) is divided by 139.
129
Let m(s) = -30*s + 9. Let t be m(3). Let r = -67 - t. Calculate the remainder when -42*(2 + 0 + r/(-6)) is divided by 5.
4
Let f(k) = -192*k**3 + 4*k**2 - k - 2. Let v be f(1). Let b = 233 + v. What is the remainder when 249 is divided by b?
39
Suppose -3*z = -z + 8, -3*z = 5*g - 738. Suppose 5*s - 370 = 4*n, 5*s - 5*n - g - 220 = 0. What is the remainder when s is divided by 16?
10
Suppose -2628 = -4*o - 32*o. What is the remainder when 383 is divided by o?
18
Let o(x) = 20*x. Let b be o(4). Suppose -3*n = n - b. Suppose 3*y - 3*i = 129, 62*i - 63*i = -3*y + 143. Calculate the remainder when y is divided by n.
10
Suppose -4*v + 16 - 196 = 0. Let i = 49 + v. Suppose -4 = i*p + 5*y + 4, -3*p = 3*y + 3. Calculate the remainder when 25 is divided by p.
1
Let k(g) = g**3 - 3*g**2 - 16*g - 8. Let h be k(6). Suppose 4*s - 6*s + 3*a + 28 = 0, -h*a = 4*s - 76. Calculate the remainder when 130 is divided by s.
11
Suppose -1634 + 1698 = 2*u. Calculate the remainder when 949 is divided by u.
21
Let b(x) = 3*x - 12. Let q be ((-2)/(-4))/(65/1300). Suppose -3*c = 2*c - 260. Calculate the remainder when c is divided by b(q).
16
Let q(y) = 5*y**2 + 115*y - 551. Suppose 7*a - 153 = 4*a. Calculate the remainder when q(5) is divided by a.
47
Suppose -2*b + 3*q = -27, 51 = -105*b + 108*b - q. Suppose 62 + 8 = 5*f. Suppose -167 + f = -3*z. Calculate the remainder when z is divided by b.
15
Suppose -8*v + 0*v - 32 = 0. Let m(h) = -41*h - 49. Let p be m(v). Suppose 32*c - p = 27*c. What is the remainder when 45 is divided by c?
22
Let k = -3104 - -4089. What is the remainder when k is divided by 18?
13
Let l(y) = 14 - 7*y**2 - 8*y - 7 - 39 - 2*y**3. Let t = 43 - 26. What is the remainder when l(-5) is divided by t?
15
Suppose -q - 7*g = -10*g, 0 = -2*q - 2*g + 16. What is the remainder when 49 is divided by q?
1
Let g(x) = x**2 - 9*x + 2. Let v(y) = y**2 - 2*y - 2. Let p be v(3). What is the remainder when p/(((-26)/78)/(59/(-3))) is divided by g(10)?
11
Let x(p) = -p**2 + 18*p + 15. Let s be 0/((-18)/((-9)/1)). Let d(q) = 72*q**2 + 1. What is the remainder when d(1) is divided by x(s)?
13
Let j(q) = q**3 + 8*q**2 + 14*q - 4. Let m be j(-4). What is the remainder when (0 - -8)/(2/5) - m is divided by 11?
5
Suppose 3 + 2 = 5*n - 3*s, 0 = s - 5. Let p be n/(4*1/2). Suppose -p*u + 3*l + 160 = 5*l, -u = 3*l - 74. Calculate the remainder when u is divided by 21.
20
Suppose -10*z + 3 = -7. Let j be -2 + z/2*4. Suppose j = -10*r + 16*r - 84. Calculate the remainder when r is divided by 3.
2
Let g = 10776 + -9825. Calculate the remainder when g is divided by 62.
21
Let s(d) = -d**3 + d**2 - 9. Let g be s(0). Let b = g + 11. Let l = 881 - 880. Calculate the remainder when b is divided by l.
0
Let a(j) = 89*j**2 + 2*j - 1. Let c be a(1). Suppose -10 - c = -4*u. Let p = u - 12. What is the remainder when 61 is divided by p?
9
Let u = -1040945 + 1040951. Let z(m) = -m. Let y be z(0). Suppose s + 4*h = 3, y*s = 2*s + 2*h - 6. What is the remainder when u is divided by s?
0
Let m(d) = -13*d + 297. What is the remainder when m(-9) is divided by 371?
43
Suppose 4*h - 34 = -q - h, -3*q + 5*h = -22. Let g(w) = 39*w - 45. Calculate the remainder when g(4) is divided by q.
13
Suppose 2*h = 6*h + 116. Let z = 39 + h. Suppose -z = -w + 4*d + 14, -w + 14 = -2*d. Calculate the remainder when 4 is divided by w.
0
Suppose -1453 = 5*m - 9*d - 4211, -28 = 4*d. What is the remainder when 1101 is divided by m?
23
Let j = 4424 - 4301. Calculate the remainder when 188 is divided by j.
65
Suppose 4*b + b + 210 = 0. Let h = 45 + b. Calculate the remainder when (-6)/(-18) + 251/h is divided by 29.
26
Suppose -191*g = -30692 + 4143. What is the remainder when g is divided by 133?
6
Suppose -15*v - 3*s = -20*v + 291, 5*v - 283 = -s. What is the remainder when v is divided by 22?
13
Let l be ((-2)/(-5))/((-3)/(-15)). Calculate the remainder when 68 is divided by (4 - l) + (1 - (-60)/3).
22
Let d be -5 + 586/10*5. Suppose -49*u + 52*u = d. What is the remainder when 284 is divided by u?
92
Let o(g) = 15*g - 10. Let b be (-5*4/12)/((-3)/(-126)). Let a = b + 76. Calculate the remainder when o(a) is divided by 21.
17
Suppose 0 = 4*o - 147*o + 4004. What is the remainder when o is divided by 12?
4
Suppose 2604 - 1457 = 13*b - 3650. Calculate the remainder when b is divided by 17.
12
Calculate the remainder when 3267 is divided by ((-12)/(-3))/(-6 - ((-7650)/545 - -8)).
106
Let y = -204 - -351. Let o = y + -58. Let u = 132 + -123. What is the remainder when o is divided by u?
8
Let d(v) = 2382*v**2 + 31*v + 30. What is the remainder when d(-1) is divided by 594?
5
Calculate the remainder when -5 - (-15 - -11) - -413 is divided by 20.
12
Suppose 3756 = 3*k + 4*f, -4*f - 3056 = -3*k + 724. Suppose 0 = 5*i + 3*i - k. Calculate the remainder when i is divided by 32.
29
Let y = -4589 - -5703. What is the remainder when y is divided by 66?
58
Suppose -1015 = 13*h + 16*h. Calculate the remainder when 59 is divided by h/140 - (-61)/4.
14
Suppose -127*s - 504 = -135*s. Suppose -k - 4*c + 82 = -0*c, -4*c + 316 = 4*k. Calculate the remainder when k is divided by (s/(-12) - (-3 + 0))*-12.
24
Let l be (-2)/(-3)*162/12. Let n = l + -8. Suppose -4*w + 19 = 3*m - 10, 2*m = 6. What is the remainder when w is divided by n?
0
Let u = -377 - -407. Suppose 18 = 9*z - 6*z. Let h = 2 + z. What is the remainder when u is divided by h?
6
Suppose 650 = -5*v - 595. Let i = -22 - -45. What is the remainder when -12*(v/63 + 6/21) is divided by i?
21
Let n be 2512/64 + 1/(-4). Let z = -26 + n. Let d(k) = 5*k**2 - 15*k - 12. Calculate the remainder when d(5) is divided by z.
12
Suppose 2*z = 4*r - 236 + 608, 207 = z - 5*r. Calculate the remainder when z is divided by 21.
4
Let p = -9815 - -9838. Calculate the remainder when 3417 is divided by p.
13
What is the remainder when (-245)/1*(-7)/(420/96) is divided by 8?
0
Let r = 528 - 531. Let q(s) = 26*s**2 + 53*s + 7. What is the remainder when q(r) is divided by 58?
24
Let r(d) = 42*d**2 - 2*d - 1. Suppose 4*g - 123 = 5*p - 13, -3*p + 5*g = 66. What is the remainder when r(-1) is divided by ((1 - -6) + p)/(4 + -5)?
13
Let f be (-128)/(-68) - (-14)/119 - -76. Suppose 2*h + 114 = 5*u, 5*u - 5*h - 32 - 73 = 0. Calculate the remainder when u is divided by ((-26)/(-39))/(4/f).
11
Suppose 46 = -5*v - 154. Let y = -1 - v. Calculate the remainder when 4/20 + y/5 is divided by 3.
2
Suppose -8*c + 148 = -4*c. Suppose 4*f - 2 = -2*a, 2*a + 8 = 6*a + 4*f. Suppose -a*g - 10 = -4*g. Calculate the remainder when c is divided by g.
7
Suppose 0 = -2*h + i + 82, -11 - 52 = -h - 5*i. Calculate the remainder when 1716 is divided by h.
39
Suppose -5*b - 85 = 2*r - 9, 37 = -2*b - 3*r. Calculate the remainder when 376 is divided by -1*3*(3 + b + 5).
16
Let z = -102281 + 102312. Suppose -3*v - 6 = -5*v. Calculate the remainder when z is divided by v.
1
Suppose 65 = 5*o + 5*s, -14*s + 9*s = 4*o - 59. What is the remainder when 386 is divided by o?
2
Suppose -7*o + 1650 = -268. Let t = -116 + o. What is the remainder when t is divided by 32?
30
Let r be 2/(-12) + 58/(-12). Let b be -31*(-2 + (-5)/r). Suppose -5*z - b = -t, 0 = -2*t - 0*t - 4*z - 8. Calculate the remainder when 9 is divided by t.
3
Let c(j) = j + 7. Let v(s) = 9*s - 5. Let g be v(4). Let d = g - -3. Calculate the remainder when d is divided by c(0).
6
Suppose -24 = -4*n, 5*i - 3659 = -4*n - 1310. Calculate the remainder when i is divided by 93.
0
Let c be (-196)/28*2/(-14). Let z be (c/(-2))/(-2 - 11/(-6)). Calculate the remainder when (2799/18 - 2) + z/(-2) is divided by 14.
12
Suppose -4*x - 50 = -9*x. Suppose -20*o + 104 = 4*u, -2